ighest common factor of y and 65?
65
Suppose 169*y + 121 = 180*y. Suppose 0 = -2*i + 3*i - 88. Calculate the greatest common divisor of i and y.
11
Suppose 5*y - 5*p + 4 - 44 = 0, -5*y - 5*p = 0. Suppose 10 = -2*m + 74. Calculate the greatest common divisor of y and m.
4
Let m = -17 + 44. Let c = -172 + 361. Calculate the greatest common divisor of c and m.
27
Let r(y) = 23*y**2 + 10. Let f be r(5). Calculate the highest common factor of f and 65.
65
Suppose 6*g = 3*g + 72. Let h = 2404 + -2380. What is the highest common factor of g and h?
24
Let i = 141 + -97. Let j be (-606)/(-18) + (-1)/((-6)/(-4)). What is the greatest common divisor of j and i?
11
Let l(u) = u + 8. Let p be l(6). Let q(i) = 194*i**2 + i + 2. Let c be q(-1). Suppose -8*j = c - 755. Calculate the highest common factor of p and j.
14
Suppose 2*n = 12*n - 11640. Calculate the highest common divisor of 6 and n.
6
Let u be (10/(-8) + (-96)/128)*-174. Calculate the highest common divisor of 48 and u.
12
Suppose -5*l = j - 391, 0 = -l + 7*j - 3*j + 74. Calculate the greatest common divisor of 26 and l.
26
Suppose -3*k + 3*p = -3, 5*k = -4*p + 2*p + 12. Let f(b) = 5 + 9 - 5 + k*b**2 - 8*b. Let v be f(6). Calculate the greatest common divisor of 22 and v.
11
Let p be (-36)/(-12)*(-1)/6*-86. What is the highest common factor of 1161 and p?
43
Let o(i) = -8*i - 158. Let x be o(-22). Calculate the highest common divisor of 414 and x.
18
Let l(d) = -8*d - 25. Let k be l(-5). What is the highest common factor of k and 375?
15
Let m = -10 + 16. Suppose -1 = v - m. Let l(g) = -g**3 + g**2 + g + 35. Let y be l(0). Calculate the highest common divisor of y and v.
5
Let w be (-36)/(-126) + 3356/14. Let s be (-4)/(-28) - (625/(-35) + 3). Calculate the greatest common divisor of w and s.
15
Let i = 100 + -2. Let f(t) = -t**3 + 4*t**2 - 4*t + 2. Let c be f(2). Suppose c*u - 14 = u. Calculate the highest common factor of u and i.
14
Let z = 16 + -4. Let f = 1717 + -1681. What is the greatest common divisor of f and z?
12
Let k = -6 - -14. Suppose 5*s = 3*b - 31, 0 = 5*b + s - 5. Let l be (-5 - (-66)/12)/(b/16). What is the highest common divisor of k and l?
4
Let a be (-2)/(-3)*(74 - -1). Let b(m) = -m**3 + 7*m**2. Let d be b(5). Suppose 2*g = 4*g - d. What is the highest common factor of a and g?
25
Let r be 293/(-3) - 7/21. Let f = r - -108. Suppose 0 = 4*q - 228 - 92. What is the highest common divisor of q and f?
10
Suppose 5*d + 2*u = 576 + 1174, -5*u = -2*d + 700. Calculate the greatest common divisor of d and 14.
14
Let s(y) = y**3 - 6*y**2 + 2*y - 7. Let w be s(6). Suppose f - 38 = -w*v, -2*f + 0*f - 22 = -4*v. What is the highest common divisor of v and 35?
7
Let c = -5 - -45. Let z = c - -56. Let p(s) = 2*s**2 - 8*s. Let k be p(6). What is the highest common divisor of k and z?
24
Let b be (3 + -5 + 17)*3. What is the highest common divisor of b and 60?
15
Let n be 12/2 - 420/(-13 + 8). What is the greatest common divisor of n and 54?
18
Let q be (-1 - 0)*(8 - 0 - 312). What is the highest common divisor of 16 and q?
16
Let d(g) = g**3 + 10*g**2 - 10*g. Let m be 2 - (7 - 4) - 10. Let r be d(m). Let f = r + 55. What is the greatest common factor of 4 and f?
4
Suppose -30 = 9*q - 15*q. Calculate the greatest common divisor of 265 and q.
5
Suppose 5*u + 20 = 0, -5*l - 3 - 49 = -2*u. Let t = l - -12. Suppose -9 = -k - t*k. Calculate the greatest common factor of k and 72.
9
Let x be (-3)/((-6)/(-28)) + 0. Let o = -10 - x. Let h be 4 - o/2 - -100. What is the greatest common divisor of h and 34?
34
Let o = -155 + 80. Let q be 1/(((-2)/6)/(o/9)). Calculate the highest common factor of 50 and q.
25
Let d = 1811 + -1806. Let j = -5 + 7. Calculate the highest common factor of d and j.
1
Suppose 0 = 3*w - 125 + 17. Let m be (-4)/(-3)*39 - (-9 - (-28)/4). Calculate the highest common factor of m and w.
18
Let v(m) = 5*m**2 - 3*m + 6. Let i be v(4). Suppose -i = -5*w + 91. What is the highest common factor of 165 and w?
33
Let w(a) = a**3 + 10*a**2 - 3*a - 9. Let x be w(-10). Calculate the greatest common factor of x and 7.
7
Let m = -71 + 78. Suppose 0 = 3*x - 3*t - 0*t, 0 = 4*x + 3*t - 7. What is the greatest common factor of m and x?
1
Let u be 27 + (1 - -2)*1. What is the greatest common factor of u and 80?
10
Suppose -2031 - 477 = -19*g. What is the highest common divisor of 572 and g?
44
Suppose -5*q = -q + 28. Let b(r) = r**2. Let x(z) = 4*z**2 + 6*z + 9. Let w(v) = -3*b(v) + x(v). Let p be w(q). What is the highest common factor of 112 and p?
16
Let o(c) = c**2 - 10*c - 6. Let k be o(12). Suppose 2*z = -4*s - 52, -3*s + 2*s = 4*z - 1. Let y = s - -27. Calculate the greatest common divisor of k and y.
6
Let z(n) = n**3 - 11*n**2 + 14*n + 10. Let i be z(10). Let h = i + -26. What is the greatest common factor of 3 and h?
3
Let l be ((-4)/(-6))/((-4)/(-78)). Let u = -327 - -379. Calculate the greatest common factor of u and l.
13
Let i(s) = -s + 1. Let q(l) = -3*l + 10. Let b(w) = 2*i(w) - 2*q(w). Let f be b(8). What is the greatest common divisor of 42 and f?
14
Suppose -40 = -12*m - 8*m. What is the highest common divisor of m and 42?
2
Let v be (-2)/6*-4*3. Let t = v - 3. Let z be 0 + 36 - (t - 5). Calculate the highest common factor of 5 and z.
5
Let p(u) be the second derivative of 2*u**3 - u**2 - 2*u. Let s be p(2). Let v be 61 - 1 - (16 + -11). What is the highest common factor of v and s?
11
Let t = 24 + -18. Suppose -7*o + 66 - 24 = 0. What is the greatest common divisor of t and o?
6
Suppose f + 8 = 3*f. Let s be 1 + f + (-1 - 2). Let k be (-8)/(-6)*9/s. Calculate the greatest common factor of 30 and k.
6
Let o be (-1 - -3) + -1 - (10 + -7). Let n(h) = -h**3 + h + 2. Let l be n(0). Let y be l/((-1)/(1/o)). Calculate the greatest common divisor of y and 1.
1
Let d = -16 - -31. Let g(r) = 20*r**2 - r**3 + 3*r - 3 - 16*r - 17 - 4*r**2. Let h be g(d). What is the highest common divisor of h and 10?
10
Let b be (-5882)/(-272) - (22/(-16) - -1). What is the greatest common factor of b and 143?
11
Let y be (-8 + 1)/(-1)*(64 - 1). What is the highest common divisor of y and 9?
9
Suppose 3*d + 3 = y + 1, 0 = 2*y + 4*d + 16. Let h be (-48)/(-30)*(-70)/y. Let a = -34 + 41. What is the highest common factor of a and h?
7
Let t = 31 - 28. Let b be (-1)/(3/t) + 16*1. What is the greatest common divisor of 150 and b?
15
Let y = 7 + -4. Suppose 166 = 8*k - 82. Suppose 3*w - g = 44, 4*w + 3*g = 32 + k. What is the greatest common divisor of y and w?
3
Suppose 4*r = -4*j + 5*j + 155, -25 = -5*j. What is the greatest common factor of r and 400?
40
Let i = 100 + 128. Calculate the highest common factor of 12 and i.
12
Suppose 4*o - 8*o - 8 = -3*i, -i - 4*o - 24 = 0. Let h be (-2)/i - 1338/(-12). Let f = h + -28. What is the highest common divisor of f and 28?
28
Suppose -18 = -3*a - 6. Suppose 28 = 3*w + 16. What is the highest common divisor of w and a?
4
Let q(n) = 19*n - 385. Let g be q(27). Calculate the greatest common factor of 96 and g.
32
Let r be (-7)/(-14)*(13 - -1). Suppose -12*s + r*s + 30 = 0. What is the greatest common divisor of s and 24?
6
Let m be 3941*5/35 + 4. Calculate the greatest common factor of m and 126.
63
Let c(f) = -2*f**2 + 5. Let o be c(-4). Let g be ((-4137)/(-27))/1 + 6/o. Calculate the highest common factor of 17 and g.
17
Suppose -7*v + 171 + 151 = 0. Suppose 10 = -5*o, 2*o + 24 = -3*r - 52. Let m = v + r. What is the greatest common divisor of 55 and m?
11
Suppose -231 = -4*d - b - 180, -18 = -d + 5*b. Calculate the greatest common factor of 377 and d.
13
Suppose -303 = 5*q + 47. Let c = q - -131. Calculate the greatest common divisor of c and 122.
61
Let u(m) = -m + 26. Let p be u(6). Let r = p - 6. Calculate the highest common factor of 7 and r.
7
Let w be 785168/400 + (-2)/(-25). Calculate the greatest common divisor of w and 13.
13
Let c(o) = -o**3 + 5*o**2 - 2*o + 12. Let y be c(5). Suppose 36 = -0*u + y*u. What is the highest common divisor of 2 and u?
2
Let q be (570/4)/5 - (-1)/(-2). Let a be 1 + 82/4 + q/56. What is the greatest common factor of a and 22?
22
Let x(l) = -147*l + 1474. Let i be x(10). Let j(k) = k + 3. Let z be j(-2). What is the greatest common divisor of z and i?
1
Let i be ((-7)/3)/((-1)/3). Let r(g) = g**3 + 8*g**2 + 9*g - 6. Let j b